{"id":10,"date":"2024-05-22T15:56:36","date_gmt":"2024-05-22T15:56:36","guid":{"rendered":"https:\/\/fgv-reinacherhof.ch\/?page_id=10"},"modified":"2025-04-01T15:07:41","modified_gmt":"2025-04-01T13:07:41","slug":"gartenbeizli","status":"publish","type":"page","link":"https:\/\/fgv-reinacherhof.ch\/?page_id=10","title":{"rendered":"Gartenbeizli"},"content":{"rendered":"\n<p>Gem\u00fctliche Stunden im Gartenbeizli Reinacherhof<\/p>\n\n\n\n<p><br>Lust auf einen entspannten Abend in freundlicher Atmosph\u00e4re? Dann besuchen Sie<br>unser kleines Beizli im FGV Reinacherhof!<br>Jeden Donnerstag-, Freitag- und Samstagabend \u00f6ffnen wir unsere T\u00fcren f\u00fcr alle aktive<br>und passiven Mitglieder des Vereins. Bei uns erwartet Sie eine famili\u00e4re Stimmung,<br>erfrischende Getr\u00e4nke und feine Kleinigkeiten \u2013 von einem klassischen Hotdog \u00fcber<br>K\u00e4sek\u00fcechli bis hin zu saisonalen Spezialit\u00e4ten (siehe Speisekarte). Und im Sommer<br>gibt\u2019s nat\u00fcrlich f\u00fcr Klein und Gross auch wieder feine Glac\u00e9.<br>Verbringen Sie nette Stunden mit Freunden und Nachbarn und geniessen Sie die das<br>Zusammensein.<\/p>\n\n\n\n<p><br>Wir freuen uns auf Ihren Besuch!<br>euer Wirtepaar Mehmet und Angi<br><strong>\u00d6ffnungszeiten:<\/strong> Donnerstag, Freitag &amp; Samstag ab 16:00 Uhr<\/p>\n\n\n\n<p><br><strong>Wichtiger Hinweis:<\/strong> Der Zutritt zum Beizli ist an eine passive Mitgliedschaft im FGV<br>Reinacherhof gekn\u00fcpft. Sie k\u00f6nnen diese hier beantragen: avo52@intergga.ch<\/p>\n\n\n\n<p><\/p>\n\n\n\n<p><\/p>\n\n\n\n<figure class=\"wp-block-image size-large\"><img loading=\"lazy\" decoding=\"async\" width=\"1024\" height=\"705\" src=\"https:\/\/fgv-reinacherhof.ch\/wp-content\/uploads\/2025\/04\/menu-1024x705.jpg\" alt=\"\" class=\"wp-image-165\" srcset=\"https:\/\/fgv-reinacherhof.ch\/wp-content\/uploads\/2025\/04\/menu-1024x705.jpg 1024w, https:\/\/fgv-reinacherhof.ch\/wp-content\/uploads\/2025\/04\/menu-300x207.jpg 300w, https:\/\/fgv-reinacherhof.ch\/wp-content\/uploads\/2025\/04\/menu-768x529.jpg 768w, https:\/\/fgv-reinacherhof.ch\/wp-content\/uploads\/2025\/04\/menu-1536x1058.jpg 1536w, https:\/\/fgv-reinacherhof.ch\/wp-content\/uploads\/2025\/04\/menu.jpg 1951w\" sizes=\"auto, (max-width: 1024px) 100vw, 1024px\" \/><\/figure>\n","protected":false},"excerpt":{"rendered":"<p>Gem\u00fctliche Stunden im Gartenbeizli Reinacherhof Lust auf einen entspannten Abend in freundlicher Atmosph\u00e4re? Dann besuchen Sieunser kleines Beizli im FGV Reinacherhof!Jeden Donnerstag-, Freitag- und Samstagabend \u00f6ffnen wir unsere T\u00fcren f\u00fcr alle aktiveund passiven Mitglieder des Vereins. Bei uns erwartet Sie &hellip; <a href=\"https:\/\/fgv-reinacherhof.ch\/?page_id=10\">Weiterlesen <span class=\"meta-nav\">&rarr;<\/span><\/a><\/p>\n","protected":false},"author":1,"featured_media":0,"parent":0,"menu_order":0,"comment_status":"closed","ping_status":"closed","template":"","meta":{"footnotes":""},"class_list":["post-10","page","type-page","status-publish","hentry"],"_links":{"self":[{"href":"https:\/\/fgv-reinacherhof.ch\/index.php?rest_route=\/wp\/v2\/pages\/10","targetHints":{"allow":["GET"]}}],"collection":[{"href":"https:\/\/fgv-reinacherhof.ch\/index.php?rest_route=\/wp\/v2\/pages"}],"about":[{"href":"https:\/\/fgv-reinacherhof.ch\/index.php?rest_route=\/wp\/v2\/types\/page"}],"author":[{"embeddable":true,"href":"https:\/\/fgv-reinacherhof.ch\/index.php?rest_route=\/wp\/v2\/users\/1"}],"replies":[{"embeddable":true,"href":"https:\/\/fgv-reinacherhof.ch\/index.php?rest_route=%2Fwp%2Fv2%2Fcomments&post=10"}],"version-history":[{"count":6,"href":"https:\/\/fgv-reinacherhof.ch\/index.php?rest_route=\/wp\/v2\/pages\/10\/revisions"}],"predecessor-version":[{"id":166,"href":"https:\/\/fgv-reinacherhof.ch\/index.php?rest_route=\/wp\/v2\/pages\/10\/revisions\/166"}],"wp:attachment":[{"href":"https:\/\/fgv-reinacherhof.ch\/index.php?rest_route=%2Fwp%2Fv2%2Fmedia&parent=10"}],"curies":[{"name":"wp","href":"https:\/\/api.w.org\/{rel}","templated":true}]}}

<p>Gemütliche Stunden im Gartenbeizli Reinacherhof</p>



<p><br>Lust auf einen entspannten Abend in freundlicher Atmosphäre? Dann besuchen Sie<br>unser kleines Beizli im FGV Reinacherhof!<br>Jeden Donnerstag-, Freitag- und Samstagabend öffnen wir unsere Türen für alle aktive<br>und passiven Mitglieder des Vereins. Bei uns erwartet Sie eine familiäre Stimmung,<br>erfrischende Getränke und feine Kleinigkeiten – von einem klassischen Hotdog über<br>Käseküechli bis hin zu saisonalen Spezialitäten (siehe Speisekarte). Und im Sommer<br>gibt’s natürlich für Klein und Gross auch wieder feine Glacé.<br>Verbringen Sie nette Stunden mit Freunden und Nachbarn und geniessen Sie die das<br>Zusammensein.</p>



<p><br>Wir freuen uns auf Ihren Besuch!<br>euer Wirtepaar Mehmet und Angi<br><strong>Öffnungszeiten:</strong> Donnerstag, Freitag &amp; Samstag ab 16:00 Uhr</p>



<p><br><strong>Wichtiger Hinweis:</strong> Der Zutritt zum Beizli ist an eine passive Mitgliedschaft im FGV<br>Reinacherhof geknüpft. Sie können diese hier beantragen: avo52@intergga.ch</p>



<p></p>



<p></p>



<figure class="wp-block-image size-large"><img loading="lazy" decoding="async" width="1024" height="705" src="https://fgv-reinacherhof.ch/wp-content/uploads/2025/04/menu-1024x705.jpg" alt="" class="wp-image-165" srcset="https://fgv-reinacherhof.ch/wp-content/uploads/2025/04/menu-1024x705.jpg 1024w, https://fgv-reinacherhof.ch/wp-content/uploads/2025/04/menu-300x207.jpg 300w, https://fgv-reinacherhof.ch/wp-content/uploads/2025/04/menu-768x529.jpg 768w, https://fgv-reinacherhof.ch/wp-content/uploads/2025/04/menu-1536x1058.jpg 1536w, https://fgv-reinacherhof.ch/wp-content/uploads/2025/04/menu.jpg 1951w" sizes="auto, (max-width: 1024px) 100vw, 1024px" /></figure>

<p>Gemütliche Stunden im Gartenbeizli Reinacherhof Lust auf einen entspannten Abend in freundlicher Atmosphäre? Dann besuchen Sieunser kleines Beizli im FGV Reinacherhof!Jeden Donnerstag-, Freitag- und Samstagabend öffnen wir unsere Türen für alle aktiveund passiven Mitglieder des Vereins. Bei uns erwartet Sie &hellip; <a href="https://fgv-reinacherhof.ch/?page_id=10">Weiterlesen <span class="meta-nav">&rarr;</span></a></p>
