{"id":167,"date":"2025-04-01T20:38:18","date_gmt":"2025-04-01T18:38:18","guid":{"rendered":"https:\/\/fgv-reinacherhof.ch\/?page_id=167"},"modified":"2025-04-12T09:09:21","modified_gmt":"2025-04-12T07:09:21","slug":"statuten","status":"publish","type":"page","link":"https:\/\/fgv-reinacherhof.ch\/?page_id=167","title":{"rendered":"Statuten"},"content":{"rendered":"\n<p><strong>STATUTEN<\/strong> <strong>DES FAMILIENG\u00c4RTNER<\/strong><\/p>\n\n\n\n<p><strong>VEREINS &#8211; REINACHERHOF<\/strong><\/p>\n\n\n\n<p><strong>BASEL<\/strong><\/p>\n\n\n\n<p><strong>( FGV ) Sektion Reinacherhof<\/strong><\/p>\n\n\n\n<p>1. <strong>NAME, SITZ UND ZWECK<\/strong><\/p>\n\n\n\n<p>Art 1.<\/p>\n\n\n\n<p>Unter der Bezeichnung &#8220; Familieng\u00e4rtner-Verein (FGV) Reinacherhof&#8220; besteht mit Sitz in Basel ein politisch und konfessionell neutraler Verein im Sinne von Art. 60 f. des Schweiz. Zivilgesetzbuches (ZGB). Der FGV Reinacherhof ist Mitglied des Zentralverbandes der FGV Basel-Stadt.<\/p>\n\n\n\n<p>Art. 2<\/p>\n\n\n\n<p>Der Verein bezweckt:<\/p>\n\n\n\n<p>&#8211; 1. die F\u00f6rderung der Familiengartenbewegung<\/p>\n\n\n\n<p>&#8211; 2. die Wahrung wirtschafilicher und sonstiger einschl\u00e4giger Interessen seiner MitgliederInnen.<\/p>\n\n\n\n<p><strong>II. MITGLIEDSCHAFT<\/strong><\/p>\n\n\n\n<p>Art, 3<\/p>\n\n\n\n<p>Aktivmitglied ist jeder P\u00e4chter und P\u00e4chterin einer auf dem Areal des FGV gelegenen Parzelle. Der Erwerb der Mitgliedschaft erfolgt mit der Unterschrift des Pachtvertrages. Wer die Familiengartenbewegung unterst\u00fctzen will, kann auf Antrag des Vorstandes, durch die Generalversammlung als nicht stimmberechtigtes Passivmitglied aufgenommen werden.<\/p>\n\n\n\n<p>Art. 4<\/p>\n\n\n\n<p>Jedes Mitglied hat einen Jahresbeitrag zu entrichten, dessen H\u00f6he allj\u00e4hrlich durch die ordentliche Generalversammlung festgesetzt wird. Die Beitr\u00e4ge m\u00fcssen bis zum 30. Juni bezahlt sein. Die Vorstandsmitelieder bezahlen keinen Jahresbeitrag.<\/p>\n\n\n\n<p>Art. 5<\/p>\n\n\n\n<p>Jedes Aktivmitglied ist zu unentgeltlichen Arbeitsleistungen im Interesse des FGV verpflichtet. Dar\u00fcber hinaus kann die Generalversammlung einen Sonderbeitrag f\u00fcr den Unterhalt des Areals festsetzen.<\/p>\n\n\n\n<p>Art. 6<\/p>\n\n\n\n<p>Die Aktivmitgliedschaft erlischt mit Beendigung des Pachtverh\u00e4ltnisses; gleichzeitig erlischt jeglicher Anspruch gegen\u00fcber dem Verein<\/p>\n\n\n\n<p>Art. 7<\/p>\n\n\n\n<p>Bei Mitgliedern, welche den Bestimmungen des Pachtvertrages, der Familiengartenordnung, der<\/p>\n\n\n\n<p>staatlichen Kommission f\u00fcr Familieng\u00e4rten, sowie den Statuten, den Vereinsbeschl\u00fcssen und den<\/p>\n\n\n\n<p>Anordnungen des Vorstandes zuwiderhandeln, wird an zust\u00e4ndiger Stelle die Aufl\u00f6sung des Pachtverh\u00e4ltnisses beantragt.<\/p>\n\n\n\n<p><strong>III. HAFTBARKEIT<\/strong><\/p>\n\n\n\n<p>Art.8<\/p>\n\n\n\n<p>F\u00fcr die Verbindlichkeiten des FGV haftet nur das Verm\u00f6gen des Vereins. Jede pers\u00f6hnliche Haftbarkeit der Mitglieder ist ausgeschlossen.<\/p>\n\n\n\n<p>Art. 9<\/p>\n\n\n\n<p>Die gesetzlichen Ruhezeiten sind einzuhalten, Einzelheiten erl\u00e4sst der Vorstand. (Siehe Familiengartenverordnung)<\/p>\n\n\n\n<p><strong>IV. ORGANE<\/strong><\/p>\n\n\n\n<p>Art. 10<\/p>\n\n\n\n<p>Organe des Vereins sind:<\/p>\n\n\n\n<p>&#8211; die ordentliche, beziehungsweise ausserordentliche Generalversammlung.<\/p>\n\n\n\n<p>&#8211; der Vorstand<\/p>\n\n\n\n<p>&#8211; die Gesch\u00e4ftspr\u00fcfungskommission.<\/p>\n\n\n\n<p>Art. 11<\/p>\n\n\n\n<p>Die ordentliche Generalversammlung findet allj\u00e4hrlich im ersten Quartal des Kalenderjahres<\/p>\n\n\n\n<p>statt und ist vom Vorstand mindestens drei Wochen vorher<em>, <\/em>wahlweise schriftlich oder per E-Mail<em>,<\/em> unter Ank\u00fcndigung der Traktanden einzuberufen. Antr\u00e4ge zuhanden der Generalversammlung<\/p>\n\n\n\n<p>m\u00fcssen schriftlich gestellt werden und mindestens 10 Tage vor der Versammlung im Besitze des Pr\u00e4sidenten sein.<\/p>\n\n\n\n<p>Die Gesch\u00e4fte der Generalversammlung sind:<\/p>\n\n\n\n<p>a ) Abnahme der Berichte und der Jahresrechnung<\/p>\n\n\n\n<p>b) Wahl des Vorstandes und der Gesch\u00e4ftspr\u00fcfungskommission.<\/p>\n\n\n\n<p>c ) Festsetzung des Mitgliederbeitrags<\/p>\n\n\n\n<p>d) Genehmigung des Budgets f\u00fcr das laufende Jahr<\/p>\n\n\n\n<p>e ) Statutenrevision und Beschlussfassung \u00fcber Aufl\u00f6sung<\/p>\n\n\n\n<p>f ) Antr\u00e4ge des Vorstands und der Mitglieder<\/p>\n\n\n\n<p>Art. 12<\/p>\n\n\n\n<p>Eine ausserordentliche Generalversammlung kann jederzeit durch den Vorstand einberufen werden, oder wenn ein F\u00fcnftel der MitgliederInnen dies verlangt. Das Begehren ist im letzteren Falle unter Angabe der zu behandelnden Gesch\u00e4fte schriftlich an den Pr\u00e4sidenten zu richten. Die a.o. GV muss innert dreissig Tagen nach Eingang des Begehrens stattfinden.<\/p>\n\n\n\n<p>Art. 13<\/p>\n\n\n\n<p>Der Vorstand setzt sich aus mindestens drei Mitgliedern zusammen ( Pr\u00e4sident, Vicepr\u00e4sident, Sekret\u00e4r, Kassier, erster und zweiter Regieleiter, ein Beisitzer).<\/p>\n\n\n\n<p>Der Vorstand kann von der Generalversammlung nach Bedarf erweitert werden.<\/p>\n\n\n\n<p>Die Vorstandsmitglieder werden auf die Dauer eines Jahres gew\u00e4hlt.<\/p>\n\n\n\n<p>Art. 14<\/p>\n\n\n\n<p>Der Pr\u00e4sident, bei dessen Verhinderung ein anderes Vorstandsmitglied, leitet die Versammlung bzw.<\/p>\n\n\n\n<p>Sitzungen. Davon sind Protokolle zu erstellen .<\/p>\n\n\n\n<p>Art. 15<\/p>\n\n\n\n<p>Auf Begehren der einfachen Mehrheit des Vorstandes muss innert 2 Wochen eine Vorstandssitzung einberufen werden.<\/p>\n\n\n\n<p>Art. 16<\/p>\n\n\n\n<p>Die Gesch\u00e4ftspr\u00fcfungskommission besteht aus zwei Mitgliedern plus ein Ersatz und wird von der Generalversammlung jeweils auf die Dauer von 3 Jahren gew\u00e4hlt. Jedes Jahr scheidet das amt\u00e4lteste Mitglied aus. Die Gesch\u00e4ftspr\u00fcfungskommission hat Rechnungs- und Gesch\u00e4ftsf\u00fchrung des Vorstands zu pr\u00fcfen und der Generalversammlung Bericht und Antrag zu unterbreiten. Sie ist jederzeit berechtigt, bei jedem Vorstandsmitglied Einsicht in dessen Gesch\u00e4ftsf\u00fchrung zu nehmen.<\/p>\n\n\n\n<p>Art. 17<\/p>\n\n\n\n<p>Der Vorstand erl\u00e4sst ein Reglement bez\u00fcglich der den einzelnen Vorstandsmitglieder zukommenden Aufgaben. Der\/die Materialverwalter\/Innen sind dem Vorstand gem\u00e4ss separatem Reglement unterstellt.<\/p>\n\n\n\n<p>Art. 18<\/p>\n\n\n\n<p>Nicht budgetierte Ausgaben bis zu Fr. 2500.- im Einzelfall fallen in die Kompetenz des Vorstandes, f\u00fcr solche bis Fr. 4500.- ist die Gesch\u00e4ftspr\u00fcfungskommission beizuziehen. \u00dcber gr\u00f6ssere Ausgaben hat die Generalversammlung zu befinden.<\/p>\n\n\n\n<p><strong>V. MATERIALVERKAUF<\/strong><\/p>\n\n\n\n<p>Art. 19<\/p>\n\n\n\n<p>Der FGV Reinacherhof bietet seinen Mitgliedern den Verkauf von Gartenartikeln an und f\u00fchrt ein Clublokal. Ein allf\u00e4llig aus dem Verkauf sich ergebender Gewinn fliesst in die Vereinskasse.<\/p>\n\n\n\n<p><strong>VI. STATUTENAENDERUNG<\/strong><\/p>\n\n\n\n<p>Art. 20<\/p>\n\n\n\n<p>Ein Antrag zur Statuten\u00e4nderung muss in der Tagesordnung f\u00fcr diejenige Generalversammlung aufgef\u00fchrt sein, in welcher der Beschluss gefasst werden soll. Aenderungen erfordern die Zustimmung von zwei Dritteln der an der Generalversammlung anwesenden MitgliederInnen.<\/p>\n\n\n\n<p><strong>VII. AUFLOESUNG<\/strong><\/p>\n\n\n\n<p>Der Verein wird aufgel\u00f6st, falls s\u00e4mtliches Pachtland durch den Eigent\u00fcmer entzogen wird. Die Aufl\u00f6sung des Vereins erfordert die Zustimmung von zwei Dritteln der an der Generalversammlung anwesenden MitgliederInnen. In diesem Falle ist das vorhandene Inventar bestm\u00f6glich zu ver\u00e4ussern. Der erzielte Betrag, nebst allf\u00e4lligem Kassasaldo ist nach Abzug aller Unkosten an den Zentralverband zur Aufbewahrung zu \u00fcberweisen und darf nicht verteilt werden. Sollte innert kurzer Zeit den Mitgliedern Gelegenheit geboten werden, gemeinsam auf ein neues Areal zu \u00fcbersiedeln, so ist der Betrag beim Zentralverband wieder abzuheben und zum<\/p>\n\n\n\n<p>Gedeihen des Vereins am neuen Ort zu verwenden. Ist dies innert 5 Jahren nicht der Fall, so ist das Geld dem Zentralvorstand zu \u00fcberlassen.<\/p>\n\n\n\n<p><strong>VIII. SCHLUSSBESTIMMUNG<\/strong><\/p>\n\n\n\n<p>Art. 22<\/p>\n\n\n\n<p>Die nicht in diesen Statuten aufgef\u00fchrten Bestimmungen\u00fcber Familieng\u00e4rten sind in der Familiengarten Ordnung zu entnehmen.<\/p>\n\n\n\n<p>Art. 23<\/p>\n\n\n\n<p>Diese Statuten ersetzen die Statuten vom 11. Februar 1998. Die vorliegenden Statuten wurden an der Generalversammlung vom 14. M\u00e4rz 2025 genehmigt.<\/p>\n\n\n\n<p>Reinach, 2025 Familieng\u00e4rtenverein Reinacherhof<\/p>\n\n\n\n<p>Der Pr\u00e4sident: Der Sekret\u00e4r:<\/p>\n\n\n\n<p>Arthur V\u00f6geli Gabriel Wegmann<\/p>\n\n\n\n<p><\/p>\n","protected":false},"excerpt":{"rendered":"<p>STATUTEN DES FAMILIENG\u00c4RTNER VEREINS &#8211; REINACHERHOF BASEL ( FGV ) Sektion Reinacherhof 1. NAME, SITZ UND ZWECK Art 1. Unter der Bezeichnung &#8220; Familieng\u00e4rtner-Verein (FGV) Reinacherhof&#8220; besteht mit Sitz in Basel ein politisch und konfessionell neutraler Verein im Sinne von &hellip; <a href=\"https:\/\/fgv-reinacherhof.ch\/?page_id=167\">Weiterlesen <span class=\"meta-nav\">&rarr;<\/span><\/a><\/p>\n","protected":false},"author":1,"featured_media":0,"parent":0,"menu_order":0,"comment_status":"closed","ping_status":"closed","template":"","meta":{"footnotes":""},"class_list":["post-167","page","type-page","status-publish","hentry"],"_links":{"self":[{"href":"https:\/\/fgv-reinacherhof.ch\/index.php?rest_route=\/wp\/v2\/pages\/167","targetHints":{"allow":["GET"]}}],"collection":[{"href":"https:\/\/fgv-reinacherhof.ch\/index.php?rest_route=\/wp\/v2\/pages"}],"about":[{"href":"https:\/\/fgv-reinacherhof.ch\/index.php?rest_route=\/wp\/v2\/types\/page"}],"author":[{"embeddable":true,"href":"https:\/\/fgv-reinacherhof.ch\/index.php?rest_route=\/wp\/v2\/users\/1"}],"replies":[{"embeddable":true,"href":"https:\/\/fgv-reinacherhof.ch\/index.php?rest_route=%2Fwp%2Fv2%2Fcomments&post=167"}],"version-history":[{"count":13,"href":"https:\/\/fgv-reinacherhof.ch\/index.php?rest_route=\/wp\/v2\/pages\/167\/revisions"}],"predecessor-version":[{"id":183,"href":"https:\/\/fgv-reinacherhof.ch\/index.php?rest_route=\/wp\/v2\/pages\/167\/revisions\/183"}],"wp:attachment":[{"href":"https:\/\/fgv-reinacherhof.ch\/index.php?rest_route=%2Fwp%2Fv2%2Fmedia&parent=167"}],"curies":[{"name":"wp","href":"https:\/\/api.w.org\/{rel}","templated":true}]}}